*q + 475 = -5576*q. What is the remainder when i is divided by q?
17
Suppose 4*f + 2*n + 3536 = 0, 2666 = -3*f - n - 4*n. Let a = -863 - f. Calculate the remainder when a is divided by 14.
5
Suppose -3*m = 2*m - 665. Suppose -5277*o = -4614*o - 29835. Calculate the remainder when m is divided by o.
43
Suppose 1 = -2*o + 25. Let n = 32 - -16. Calculate the remainder when n is divided by (-340)/o*(-21)/35.
14
Suppose -4*j + 1 - 13 = 2*g, -3*g + j + 3 = 0. Let k = 183 + -51. Suppose g*l + 3*l - k = 0. Calculate the remainder when l is divided by 23.
21
What is the remainder when 511 is divided by (-28)/49 - (1 + 4257/(-63) + -8)?
67
Let m = 25 - -3. Suppose m*b + 88 = 32*b. Suppose 5*v - 119 = -o, -v + b = -0*v + 2*o. What is the remainder when v is divided by 13?
11
Suppose 3*p - 3*p = -5*p. Suppose 4 = -3*g + 2*u, p = -5*g + 6*u - u - 5. What is the remainder when 4 is divided by 3 + (-7 - -4) + (0 - g)?
0
Let d = -824 + 968. Calculate the remainder when d is divided by 183/4 + (-1)/(-4).
6
Suppose 29*j + 56 = 2050 - 138. Calculate the remainder when 218 is divided by j.
26
Suppose -3*u = 6, u + 3 - 17 = 4*h. Let s be h - (59 + -3) - -4. Let n = s + 101. What is the remainder when 178 is divided by n?
43
Suppose -50 = 2*a + 3*c - 39, -10 = -5*a + 5*c. Let z(f) = 14*f + 27. What is the remainder when 52 is divided by z(a)?
0
Let g(r) = -4*r**2 + 16*r + 15. Let a be g(6). Let n = 37 + a. Calculate the remainder when 5 is divided by n.
1
Suppose -14*a + 4504 + 6556 = 0. Calculate the remainder when a is divided by 198.
196
Suppose 0 = -101*g + 3774 + 4710 - 505. Calculate the remainder when 790 is divided by g.
0
Suppose 65*y = -22*y - 6*y + 443889. What is the remainder when y is divided by 29?
17
What is the remainder when 32638 is divided by 884 - 864 - 1*(0 + 5)?
13
Let m(b) = -b**3 - 28*b**2 - 56*b - 33. What is the remainder when 209 is divided by m(-26)?
67
Suppose 26*h = 455 + 8123 + 106. Calculate the remainder when h is divided by 100.
34
Suppose 2*t - 7*t + 120 = -z, 0 = -t - 2*z + 35. Suppose 7 = -5*n + 2. Let d = n + 121. What is the remainder when d is divided by t?
20
Let y(x) = -21*x + 75. Let s be y(0). Suppose -4*o + 2*d - 62 + 236 = 0, 2*o - 5*d - s = 0. Calculate the remainder when o is divided by (8*1)/(4/6).
9
Let q = -4 + 6. Suppose 0 = -4*b + q*f + 214, -5*f - 119 = 2*b - 4*b. Let i = 35596 + -35581. Calculate the remainder when b is divided by i.
7
Suppose -218*n = -205*n - 234. What is the remainder when 2411 is divided by n?
17
Suppose 0 = 2*a + 4*p + 72, -a + 99 = -5*a + p. Let o = 2035 + -1991. Let j = o + a. Calculate the remainder when 53 is divided by j.
17
Let j = 10 + -10. What is the remainder when 75/3 + 0/(-3 + j) is divided by 9?
7
Let b(y) = 19*y**3 - 3*y**2 + 3*y + 1. Suppose 210*s - 194*s - 16 = 0. What is the remainder when 31 is divided by b(s)?
11
Let l = -6 + 19. Let j = 60 - l. Suppose 4*g + g = -2*q + 46, -3*q = 3*g - 24. Calculate the remainder when j is divided by g.
7
Suppose 20*p = -32*p + p + 2805. What is the remainder when 10612 is divided by p?
52
Let x be (4 - 0)*(-378)/24. Let o = 97 + x. Suppose 0 = 2*i - 5*g - 44 - o, -4*i = 4*g - 100. What is the remainder when i is divided by 11?
7
Suppose 0*h + 2*h + 4 = 0. Suppose -83*q = -61*q + 132. Calculate the remainder when (q/(-6))/(h/(-236)) is divided by 15.
13
Let h be -3 + 0 + (4 - 24)/(-5). Calculate the remainder when 111 is divided by ((3/h)/(-9))/((-35)/1995).
16
Suppose 0 = -11*o - 21*o + 26464. Let c = -762 + o. Calculate the remainder when 91 is divided by c.
26
Let j(m) = -m**3 + 27*m**2 + 3*m - 57. Suppose 14*t - 6*t - 216 = 0. Calculate the remainder when 43 is divided by j(t).
19
Suppose -40 + 16 = -4*z. Suppose -64 = -5*o + z. Suppose 2*b = 10, 2*h - 55 = -20*b + 19*b. Calculate the remainder when h is divided by o.
11
Suppose 4*w - 617 = -0*b - 3*b, w + 3*b = 161. Let z = w + -149. What is the remainder when 31 is divided by z?
1
Let j be (-7 - -19) + (1 - 2). Suppose 9*z + 14 = j*z. Let f = 117 - z. What is the remainder when f is divided by 14?
12
Suppose 32720*p = 32739*p - 5073. What is the remainder when 543 is divided by p?
9
Suppose -5*j + 1489*y + 821 = 1493*y, 5*j - 3*y - 793 = 0. What is the remainder when 340 is divided by j?
18
Suppose -f - f + 32 = 0. Suppose 4*q - 20 - 6 = -2*h, -4*h = 3*q - 42. Suppose h*u + 2*u = 693. Calculate the remainder when u is divided by f.
15
Suppose 5*q - 10037 = -2*n, -4718 + 690 = -2*q - 3*n. Calculate the remainder when q is divided by 18.
7
Suppose 498 = 6*f - 30. Let g(y) = -6*y + 20*y**2 + 4*y + f - 92 + 0*y + y**3. What is the remainder when g(-20) is divided by 13?
10
Suppose -47*o - 55*o - 89*o + 81748 = 0. What is the remainder when o is divided by 70?
8
Suppose 49*d + 59 = 52*d + 4*c, 2*c + 81 = 5*d. Calculate the remainder when 264 is divided by d.
9
Suppose 13*l - 11*l - 10 = 0, 5*c - 7900 = 4*l. What is the remainder when c is divided by 784?
16
What is the remainder when 1012 is divided by (-7*292/(-98))/((4/(-28))/(-1))?
136
Suppose 3*u - 29 + 23 = 0. Suppose 2*y = -5*y + u*y. Suppose -4*f + f + q + 24 = 0, y = f + q - 8. Calculate the remainder when 27 is divided by f.
3
Let z(w) = -w**3 + 9*w**2 + 2*w - 11. Let i be z(9). Let x(u) = u**2 - 4*u - 8. Let v = 15 - 7. What is the remainder when x(i) is divided by v?
5
Suppose 68*o - 26901 = 11847 - 1892. What is the remainder when o is divided by 11?
3
Let t = 40 - -52. Calculate the remainder when t is divided by -2 - (14 + 4158/(-147))/(4/14).
44
What is the remainder when 2261 is divided by 1910/22 - 70/(-385)?
86
Let g(b) = 5*b**3 - 2*b - 79. What is the remainder when g(4) is divided by 14?
9
What is the remainder when 1424 is divided by ((-740)/(-50) - 15)/(1/(-230))?
44
Calculate the remainder when 115 is divided by 3/((-3)/(-2)) + (14 - 2 - -15).
28
Let v(a) = 2*a**2 - 61*a - 45. What is the remainder when v(39) is divided by 39?
33
Suppose -7*y + 216006 = -2*y + 50616. Calculate the remainder when y is divided by 40.
38
Let x = -174 + -70. Let w = x + 263. Calculate the remainder when 72 is divided by w.
15
Let z = -52 + 50. Let x = 4 + z. Suppose -h = -x*h + 9. What is the remainder when 26 is divided by h?
8
Let l(o) = 2*o**2 + 4*o - 3. Suppose 3*j - 8 = -j. Suppose 2*c - 262 = s - 205, -5*c = -3*s - 149. Calculate the remainder when c is divided by l(j).
9
Suppose -23*r - 21653 = -9*r - 73*r. Calculate the remainder when r is divided by 19.
6
Suppose -407*q + 412*q + 14910 = 3*r, -3*r - 3*q + 14838 = 0. Calculate the remainder when r is divided by 1649.
8
Let o(l) = l**2 - 46*l + 425. Calculate the remainder when 607 is divided by o(10).
22
Let m(s) = -6*s - 149. Let z be m(0). Let v = -142 - z. Suppose 0 = -3*x + 3, -5*o + 152 = -3*x. Calculate the remainder when o is divided by v.
3
Let x(v) = -4*v**2 - 102*v + 169. Calculate the remainder when 2690 is divided by x(-26).
116
Let j(l) = 2*l**2 + l - 14. Let b be j(-4). Suppose -11*i + 228 = -b. What is the remainder when i is divided by 18?
4
Suppose 2*y - 19*j + 17*j = 10554, -4*y - 5*j = -21162. What is the remainder when y is divided by 151?
149
Suppose -16*i + 59 + 21 = 0. Let t be 4/(-6) + 33/9. Suppose -38 = -t*h + q, -61 = -i*h - 2*q + 6*q. Calculate the remainder when h is divided by 7.
6
Let c = -7741 + 9252. Calculate the remainder when c is divided by 19.
10
Let a = -5531 + 6277. Calculate the remainder when a is divided by 34.
32
Suppose 48 = 4*k + 3*s + 19, -4 = k - 3*s. What is the remainder when 2/k - (-2555)/175 is divided by 13?
2
Suppose 2*j + 4*y = -y + 55, -3*y = -j + 22. Let q = 41 + -34. Suppose 7*m - q = 6*m. Calculate the remainder when j is divided by m.
4
Let y be (-3 - (-19)/7) + 18/14. Let g = 13 - y. What is the remainder when g is divided by (-36)/(-10) - 10/(-25)?
0
Let f(n) = -n - 1. Let c(v) = -v - 11. Let t(y) = -c(y) + 2*f(y). Let r be t(4). Suppose r*o - 82 - 33 = 0. What is the remainder when 44 is divided by o?
21
What is the remainder when 96 is divided by (-47 + -28)*(2 - 3)/3?
21
Calculate the remainder when 81 - (-2 - -14)/3 is divided by 1/(-8) + (-10329)/(-264).
38
Suppose y - 5*q = 9613, 28965 = 3*y - 9*q + 12*q. Calculate the remainder when y is divided by 3214.
6
Suppose -37*h + 33*h + 16 = 0. Suppose 0 = 2*b